57. What is the units digit of (-3)/(-9)*(0 - k)?
7
Suppose 0 = -p + 3*p - 2. What is the tens digit of (-1 + 0)/(p/(-41))?
4
Suppose 2*g = p + 1, -5*p + 5*g + 13 = -2. Let c = p + 6. What is the tens digit of c?
1
Let o(w) = w**3 - 7*w**2 + 5*w - 4. Let u be o(6). What is the units digit of (18/15)/((-1)/u)?
2
Suppose 2*a - 2 = 2. Suppose -3*g + 4*n + 10 = 0, -n = a*g + 4 - 18. What is the units digit of (9/g)/((-3)/(-4))?
2
Let w = -495 + 722. What is the hundreds digit of w?
2
What is the units digit of ((-6)/4)/((-13)/(42354/27))?
1
Let m be (-9)/(-2)*(-8)/(-12). Suppose -2*i - m*i = -95. What is the tens digit of i?
1
Let i = 32 + -8. Let v be 0 - 3/((-9)/6). Suppose -r + i = v*r. What is the units digit of r?
8
Let h(a) = -2*a + 14. Let l be h(9). What is the units digit of (-2)/(l/18)*1?
9
Suppose 5*a - 560 = 180. What is the units digit of a?
8
Suppose -4*m + 0*q = 2*q - 10, 2*q = m. Let j be 12/3 + 1 + -1. Suppose j*l - 4 - 32 = -2*s, -1 = l - m*s. What is the units digit of l?
7
Suppose 12 = -5*p + 4*l, -3*l + 6 = 3*p - 3. Suppose 3*v + p*v - 2*u = 2, 2*v = -2*u - 12. What is the units digit of v/3 + (-40)/(-15)?
2
Let g(c) = -c**2 + 24*c + 47. What is the tens digit of g(22)?
9
Let g(s) = s**2 - 9*s + 18. What is the tens digit of g(12)?
5
Let c be (-2)/7 + (-5)/7. Let a be ((-1)/3)/(c/12). Suppose 0 = 3*p + 3*n - 24, -a*p = -8*p - 3*n + 28. What is the units digit of p?
4
Suppose -2*o - 1 + 13 = 0. Suppose m + 10 = 2*m + 3*v, 0 = 2*v - o. Suppose -17 + m = -4*n. What is the units digit of n?
4
Suppose -132 = -v - 3*v. What is the units digit of v?
3
Let d = 42 - 16. What is the units digit of d?
6
What is the units digit of (((-308)/6)/(-7))/((-6)/(-99))?
1
Let p be (2/4)/((-3)/(-42)). Let s = p + 3. What is the units digit of s?
0
Let y = -41 + 25. What is the units digit of (-60)/y - (-1)/4?
4
Let d = 178 + -105. What is the units digit of d?
3
Let c(d) = d - 6. Let n(w) = w**3 - 5*w**2 + 5*w + 4. Let p be n(4). Let j be c(p). Suppose 2*b + 4 = 2*h + 14, j*b - 5*h = 13. What is the units digit of b?
4
Let v(r) = 2*r. Suppose -3*u = -4*u + 12. Let z be 1/((15/u)/5). What is the units digit of v(z)?
8
Suppose 5*t = 3*t. Suppose t = -3*q + 2*q + 10. Let y = q + -6. What is the units digit of y?
4
Let l = -19 - -28. Let o(c) = 2*c**2 + c. Let s be o(-1). What is the units digit of (s/(-3))/((-3)/l)?
1
Let a(m) = -4*m**3 + 4*m**2 + m + 1. What is the units digit of a(-3)?
2
Let c(h) = -2*h - 5. Let m be c(-4). Suppose p - 3 = -3*v - 0, 3*v - 3 = -5*p. Let y = m + p. What is the units digit of y?
3
Let j = 6 - 13. What is the tens digit of -4*j*1/2?
1
What is the tens digit of 49 + (-1)/(3/12)?
4
What is the units digit of -2 + (-5034)/(-22) + (-30)/(-165)?
7
Suppose y = w + 1 + 1, 0 = -2*y + w + 7. Suppose -x + y = 2. What is the units digit of x?
3
Let f(q) = -q**2 - 1. Let z be f(0). Let d = z + 3. Suppose y - d*y + b = -3, 5*y = -2*b + 36. What is the units digit of y?
6
Let k(q) = -10 + 7*q - 4*q - 7 + 5. What is the units digit of k(8)?
2
Let m(f) = 3*f**3 + 3*f**2 - 3*f. Let h be m(2). What is the units digit of (36/10)/(9/h)?
2
Let n(p) be the third derivative of -1/24*p**4 - 1/120*p**6 + 0 - 1/6*p**3 - 1/60*p**5 - p**2 + 0*p. What is the units digit of n(-2)?
5
Suppose 1 = -o - 0. Let m(d) = -5*d**2 - 2*d - 1. Let p be m(o). Let r = p + 5. What is the units digit of r?
1
Let f(n) = -3*n + 2*n + 6 + 1. Let z be f(10). What is the tens digit of (z + 2)*(2 - 21)?
1
Suppose -5*h - 2*m + 218 = -0*m, h = 3*m + 47. What is the units digit of h?
4
Suppose 3*f - 49 = k - 0*k, -2*f + 36 = k. What is the tens digit of f?
1
Let x(b) = -b**3 + b**2 + 3*b - 2. Let s be x(3). Let t = 16 + s. What is the units digit of t?
5
Suppose -40*u + 43*u - 9 = 0. What is the units digit of u?
3
Suppose -3*o - 3*v = 170 + 73, -3*v = -o - 73. Let z = 139 + o. Suppose 0*m + 4*m - z = 0. What is the tens digit of m?
1
Let z = 62 - 45. What is the units digit of z?
7
What is the tens digit of 2 - (-4 - -1 - (4 - -135))?
4
Let z = 76 - 38. What is the tens digit of z?
3
Suppose 6*d = d - 990. What is the units digit of (10/(-6))/(11/d)?
0
Let l(a) = 5*a**2 - 2*a. What is the tens digit of l(-4)?
8
Suppose 0*b - 21 = -b. Let q = b - -3. What is the units digit of q?
4
Suppose -51 = -4*i + 97. Let h(v) = v**3 - 5*v**2 - 5*v - 4. Let f be h(6). Suppose 0 = -5*q - n + i, -f*q - 2*q = -3*n - 22. What is the units digit of q?
7
Let x be 3/6*0 + -5. Let y = x + 9. What is the units digit of y?
4
Let y(a) be the first derivative of a**3/3 - 3*a**2 - 3*a - 2. Let z be y(7). What is the units digit of z/(-14) + 88/14?
6
Let i(n) be the first derivative of n**2/2 + 2*n + 5. What is the tens digit of i(13)?
1
Let a = -80 + 46. Let b = -15 - a. What is the tens digit of b?
1
What is the tens digit of -4 + ((-20)/(-5) - -51)?
5
Suppose 0 = -5*h - 3*d + 1 + 1, 16 = 2*h + 5*d. Let p be (-16)/h - 0/2. Let x = p - -4. What is the units digit of x?
2
Let l(t) = -2*t - 10*t + 17*t - 9. What is the units digit of l(10)?
1
Let m = 5 + -4. Suppose h - m = -0*h. What is the units digit of 3/(h - 0/(-2))?
3
Let z(p) = 56*p**2 + 7*p + 21. Let w(x) = 14*x**2 + 2*x + 5. Let d(u) = 9*w(u) - 2*z(u). What is the units digit of d(-2)?
1
Let t(y) be the third derivative of 1/120*y**6 + 0*y**4 + 2*y**2 - 1/30*y**5 + 0 + 0*y + 1/6*y**3. What is the units digit of t(2)?
1
Suppose w - 82 = 4*k, 4*w = 3*k - 0*k + 367. What is the tens digit of w?
9
Suppose 4*w - 3*y = 2*y + 182, -w + 2*y = -44. What is the tens digit of w?
4
Suppose -n = 2*n. What is the tens digit of 9*(n - (-15)/9)?
1
Let r be 51/(1 - (-3)/6). Let l = 56 - r. Suppose 0 = -4*z + 2*z + l. What is the tens digit of z?
1
Let j be 2*(9/6 + -2). Let a be ((-3)/(-2))/(j/(-4)). What is the units digit of a/(-5)*5/(-2)?
3
Suppose 0*w + w - 4 = 2*o, -2*w - 2*o - 4 = 0. Suppose -l = -w*l - 2. What is the units digit of l?
2
Let x be (-2)/11 + (-780)/66. What is the units digit of (-39)/(-4) + x/16?
9
Let s = 18 + -39. Let n = 5 - s. Suppose 0 = -4*x + n + 42. What is the units digit of x?
7
Suppose 3*d = 3*x + 39, 3*d - 33 = 5*x + 14. What is the units digit of d?
9
Let w be 2 - 0 - (3 + -3). Let m(j) = 7*j + 1. What is the units digit of m(w)?
5
Let r be (33/(-6))/((-3)/(-6)). Let t = -2 - r. What is the units digit of t?
9
Suppose -m = -4*m + 12. Suppose -4*i + m*z + 36 = 0, -2*i + 0*z = -5*z - 6. What is the units digit of i?
3
Suppose -699 = -5*k + 201. What is the hundreds digit of k?
1
What is the tens digit of (-2)/(-2) + (80 - 9)?
7
Suppose -2*c = -4*m, -5*c - m = -0*m - 22. Suppose 2*r - c*r + 2 = 0. What is the units digit of (-5 - -14) + -2 + r?
8
Suppose 25 = 4*y - 15. Let t = y - 0. What is the tens digit of t?
1
Suppose z + 81 = q - 30, -3*z = 4*q - 472. What is the units digit of q?
5
Let z = -10 + 14. Suppose 6 = -z*t + 18. Suppose 5*p - 6*p + t*s = -20, 10 = -2*s. What is the units digit of p?
5
Let v(j) = -13*j**3 + j**2 + 3*j - 2. Let l(n) = 7*n**3 - n**2 - 2*n + 1. Let m(y) = 11*l(y) + 6*v(y). Let o be m(-4). What is the units digit of o - 1*-2*8?
5
Let m(n) = n**2 - n**3 + 5*n - 5*n**2 + 4 + n**2 - 2*n**2. What is the units digit of m(-6)?
0
Let x = 45 - -33. What is the units digit of x?
8
Let y(o) = o**2 - 10*o - 10. Let b be (-45)/(-4) + (-2)/8. What is the units digit of y(b)?
1
Let w = -8 - -12. Let z = 6 - w. Suppose 0 = 3*g - 5*a + 3*a - 34, z*g + 4*a = -4. What is the units digit of g?
8
Let g(p) = p**3 - 8*p**2 + 9*p + 2. Let y be g(7). What is the tens digit of 4/(y/(-22))*-2?
1
Let s(f) = -f - 12. Let o be s(-14). Suppose 2*t + 1 = 3*t, -3*t = o*a - 53. What is the units digit of a?
5
Suppose -4*j + 2*s + 120 = -2*s, 5*j + 4*s - 186 = 0. What is the tens digit of j?
3
Let r = 30 - -44. Suppose 5*k + 179 = 4*c, -r = 3*c - 5*k - 212. What is the tens digit of c?
4
What is the units digit of 3/15 - (-882)/15?
9
Let j = 119 + -85. What is the tens digit of j?
3
Suppose 0 = 4*w - 4*a, 5*a - 2 = -w + 10. Let y(v) = 3*v**2 + 2 - v + 0 - 3. What is the units digit of y(w)?
9
Let f be 10 + 3*2/6. Suppose 5*y - f = 9. Suppose -o = -5*o + y. What is the units digit of o?
1
Suppose -3*l - l = -232. Suppose -n + 0*d + 6 = -3*d, l = 5*n - d. What is the units digit of (2/4)/(2/n)?
3
Let v = -5 - 4. Let h(j) = -j**3